 i be u(1). Suppose 4*y - 4 = i. Suppose 4*h - 72 = y. What are the prime factors of h?
19
Let l(g) = 21*g**2 - 14*g + 46. What are the prime factors of l(5)?
3, 167
Suppose i + 0*i - 6 = -2*d, -4*i = d + 11. Let k(n) = 11*n**2 - 2*n + 35. List the prime factors of k(d).
2, 3, 5
Let m(z) = 2*z**2 + z**2 + 11 + z**3 + 10*z**2 + 9*z - 3. What are the prime factors of m(-11)?
151
Suppose 2*r + 0*g - 6 = g, 0 = -4*r - 4*g + 36. Suppose 4*l - r = 4*a + 191, -2*a + 90 = 2*l. List the prime factors of l.
47
Let p = 1218 - 521. What are the prime factors of p?
17, 41
Let u(r) = r**2 - 8*r + 9. Let s be u(7). Let y(t) = -13*t + 2. Let m be y(s). List the prime factors of 1*-2 + m/(-4).
2
Suppose 0 = 7*r + 9*r - 4512. What are the prime factors of r?
2, 3, 47
Suppose 29*t = 1006 + 12015. What are the prime factors of t?
449
Let j(c) = -5*c - 12. Let t be j(-8). Suppose 11*q - t = 9*q. List the prime factors of q.
2, 7
Suppose 21*d - 2512 = -139. What are the prime factors of d?
113
Suppose 0*y = -2*y + 5*c + 193, 2*y - c = 205. List the prime factors of y.
2, 13
Let a(u) = u**2 - 8*u - 5. Let h be (-2)/4 - (-14)/(-4). What are the prime factors of a(h)?
43
Let v(b) = -5*b**2 - 8*b - 12. Let k be v(-2). List the prime factors of (0 - -78) + (-19 - k).
3, 5
Suppose 2044 = 4*i - 4*t, 5*i + t - 2366 = 183. List the prime factors of i.
2, 3, 5, 17
Let o = -23 + 23. Suppose o = 5*s, -5*s - 12 = g - 2*s. What are the prime factors of (7/(-4))/(1/g)?
3, 7
Let j(z) = -20*z - 1. Let p be j(7). Let f = p - -67. Let w = -24 - f. List the prime factors of w.
2, 5
Suppose 64 = -8*q - 48. Let b = q + 39. What are the prime factors of b?
5
Let q be 16/(-10) + 10/(-25). Let t(v) = v**2 + 5*v + 2. Let x be t(q). Let r = x - -8. What are the prime factors of r?
2
Let t(k) = k + 11. Let x(u) = -u - 11. Let l be x(-6). Let z be t(l). Suppose 6*f - 3*q = f + 42, -3*f - 3*q + z = 0. What are the prime factors of f?
2, 3
Suppose -39*h + 29*h + 5640 = 0. What are the prime factors of h?
2, 3, 47
Suppose 4*j + 5 = 5*j. Suppose j*r = 3*b + 247, -r - 2*b + 55 = 3*b. List the prime factors of r.
2, 5
Suppose 4*a = -a. Let s(c) = c**2 + 22. Let v be s(a). Let x = -15 + v. List the prime factors of x.
7
Let u(s) = 1846*s**2 - 28*s - 1. What are the prime factors of u(-1)?
1873
Suppose 0 = 4*j - 2*u - 5120, -6*j - 2*u + 1285 = -5*j. What are the prime factors of j?
3, 7, 61
Let x = 451 - 95. What are the prime factors of x?
2, 89
Suppose -610 - 214 = -8*n. Let j = n - 28. List the prime factors of j.
3, 5
Suppose 4*d + 2*d - 4008 = 0. List the prime factors of d.
2, 167
Suppose -3*k = -8*k - 35. Suppose 0*q - 16 = 4*q. Let v = q - k. What are the prime factors of v?
3
Let l = 4 + -5. Let w be (1/l)/((-1)/(-3)). Let s(i) = -i**3 - i**2 + 3*i - 3. What are the prime factors of s(w)?
2, 3
Suppose -47 = k + 4*f - 137, 2*k + 3*f = 185. Let z = -59 + k. List the prime factors of z.
5, 7
Let m be (-21)/(-5) + (-1)/5. Suppose -2 = 6*x - m*x. Let g(q) = 26*q**2 - 3*q - 1. List the prime factors of g(x).
2, 7
Let a = -7 + 1. Let m be (a/2)/3*5. List the prime factors of m + 4 + -1 + 16.
2, 7
Suppose -24*q + 4745 + 5263 = 0. List the prime factors of q.
3, 139
Let t be 4/(-5) + ((-16)/(-20) - 1). Let p = 375 - 265. List the prime factors of (p/(-33))/(t/6).
2, 5
Let m(d) = 4*d**2 - 11*d + 58. What are the prime factors of m(10)?
2, 3, 29
Let j(s) = 5*s**3 - 2*s**2 - s + 1172. List the prime factors of j(0).
2, 293
Let s(r) = 23*r + 55. What are the prime factors of s(0)?
5, 11
List the prime factors of (-57874)/(-30) + (-17)/((-2040)/(-16)).
3, 643
Let o(w) = 9*w - 3. Let v be o(-3). Let z(h) = h**3 - 13*h**2 + 9*h - 27. Let t be z(12). Let s = v - t. List the prime factors of s.
3, 11
Suppose -14 + 55 = 5*k - 4*g, 0 = -4*k - 5*g. Suppose -2*y + k*s - 100 = 0, 0*s + 3*s - 288 = 5*y. Let v = y - -115. List the prime factors of v.
5, 11
Suppose -68*i + 78*i = 2650. What are the prime factors of i?
5, 53
Let r(w) = -199*w + 98. List the prime factors of r(-10).
2, 3, 29
Let f(t) = 5*t + 39. Let o be f(0). Suppose -3*m + 12 = -o. What are the prime factors of m?
17
Let x be 11 - 3/15*0. Let z(p) = 2*p**2 - 6*p - 13. List the prime factors of z(x).
163
Let a = 62 - 33. Let g = a - 21. List the prime factors of g.
2
Suppose -3*t = 3*i - 300 - 330, 0 = -4*i + 20. Suppose -t = 12*s - 1429. List the prime factors of s.
2, 3, 17
Let q = 1945 - 1022. List the prime factors of q.
13, 71
Suppose -2*j + 8 + 82 = -2*b, 4*b - 220 = -4*j. Suppose -j*d + 750 = -45*d. List the prime factors of d.
2, 3, 5
Suppose 0 = 3*v - 8 - 4. Suppose 0 = -v*a - 10 + 34. What are the prime factors of a*((-63)/(-6) - 2)?
3, 17
Let j(s) = 5*s**2 - 8*s - 4. Let o be j(6). Let f = o - 52. What are the prime factors of f?
2, 19
Let a(s) = 163*s + 70. List the prime factors of a(8).
2, 3, 229
Let p(w) = 220*w - 325. List the prime factors of p(11).
5, 419
Let b(o) = o**3 + 6*o**2 - 4*o + 20. Let f be b(-7). List the prime factors of (2 + (-15)/6)/(f/232).
2, 29
Let u = 7 - 4. Suppose -d = -c - 94, 6*d + c - 266 = 3*d. Suppose 0 = -u*g - 2*g + d. What are the prime factors of g?
2, 3
Suppose -2*w + 30 = -4*u - 6, 5*u + 23 = -3*w. Let s be 2/(-8) - 13/(-4). Let i = s - u. What are the prime factors of i?
2, 5
Suppose -2*i - 80 = -3*r, 0*i + 10 = 5*i. Let u = 36 - r. Suppose 2*t - u*t = -444. List the prime factors of t.
2, 37
Let v(w) = -20*w - 152. What are the prime factors of v(-23)?
2, 7, 11
List the prime factors of 1 - (-1 + -5 + -53).
2, 3, 5
Let w = 22 + -18. Let k(f) = 4*f**2 - 4*f - 2. What are the prime factors of k(w)?
2, 23
Let b(j) = 7*j**2 - 5*j + 25. Let y be b(5). Let u = y + -105. List the prime factors of u.
2, 5, 7
Let y(g) = g**2 + g - 2. Let t be y(1). Suppose x = -t*x + 2. Suppose 0 = 3*c + 2*q - 74, x*c = -3*c + 5*q + 140. List the prime factors of c.
2, 13
Suppose 29*n - 2708 = 25*n. What are the prime factors of n?
677
Let u(a) = -a. Let q(m) = m**3 + 13*m**2 - 27*m - 1. Let h(t) = -q(t) + 6*u(t). What are the prime factors of h(-15)?
2, 17
Let a be ((-23)/(-46))/(2/(-448)). Let j = -78 - a. What are the prime factors of j?
2, 17
Let a = -686 - -846. List the prime factors of a.
2, 5
Let u(z) = -7*z - 87. Let a be u(-30). Let n = a + -110. What are the prime factors of n?
13
Let x(m) = -96*m**3 + 2*m**2 - 3*m - 8. List the prime factors of x(-2).
2, 3, 43
Let m = 687 + -488. What are the prime factors of m?
199
Suppose 0 = -2*i + 3*i, 2*k = 3*i + 272. List the prime factors of k.
2, 17
Let x(u) = u**3 - 6*u**2 + u - 4. Let t be x(6). Suppose 139 + 118 = 4*s - 3*j, -t*s = j - 131. List the prime factors of s.
5, 13
Suppose -1201 = -4*k + 3*p, 4*p + 1200 = -0*k + 4*k. What are the prime factors of k?
7, 43
Let q be (-2)/(1/(-4)*2). Suppose -71 = -q*g + 81. List the prime factors of g.
2, 19
Suppose 4*k + 1404 = 17*k. List the prime factors of k.
2, 3
Suppose -2 = 2*f - 6. Let i be 4 - (-2 - (-6)/f). Suppose -i*a = -3 - 6. List the prime factors of a.
3
Let l(c) = -c**2 + 6*c - 1. Let n be l(3). What are the prime factors of 4 + 92/n*4?
2, 5
Suppose 2*t + 2*t = 0. Suppose -i + 176 + 97 = t. Suppose 0*o + 4*o = -8, 4*o + i = 5*n. List the prime factors of n.
53
Let c be (-5 - -1)*35/(-4). Let y = -163 - -139. Let v = c + y. What are the prime factors of v?
11
Let i(p) = -p**2 - 18*p + 15. Let q be i(-17). Suppose q = 10*b - 9*b. List the prime factors of b.
2
Suppose 8*q + 15 = 3*q. Let u = 60 + q. What are the prime factors of u?
3, 19
List the prime factors of 2/(6/3447) - 8.
7, 163
Suppose 0*p + 4*p - 208 = 3*k, -69 = -p + 5*k. List the prime factors of p.
7
Let j = 7365 + -2797. What are the prime factors of j?
2, 571
Suppose 5*a - 5777 = -4*s, 8*a - 4339 = -3*s + 3*a. What are the prime factors of s?
2, 719
Let o(m) = m**2 + 9*m - 19. Let t be o(-11). Suppose t*h - 498 = 3*y, 203 = -4*h + y + 852. What are the prime factors of h?
7, 23
Let n(p) = p**3 + 9*p**2 + 4*p - 14. Let f be n(-6). Suppose -3*a = -8*a + f. List the prime factors of a.
2, 7
Suppose -3*x + 115 = g - 683, -2418 = -3*g + 3*x. List the prime factors of g.
2, 3, 67
Suppose 126 = 2*t - 0*t. Let w = 105 - t. List the prime factors of w.
2, 3, 7
What are the prime factors of 12/120 - 194694/(-60)?
5, 11, 59
What are the prime factors of -33*